{"id":46,"date":"2025-09-24T19:29:33","date_gmt":"2025-09-24T17:29:33","guid":{"rendered":"https:\/\/david-morcillo.com\/?page_id=46"},"modified":"2026-04-06T19:49:35","modified_gmt":"2026-04-06T17:49:35","slug":"curriculim-artisitco","status":"publish","type":"page","link":"https:\/\/david-morcillo.com\/?page_id=46","title":{"rendered":"EXPERIENCIA"},"content":{"rendered":"\n<div class=\"wp-block-buttons is-layout-flex wp-block-buttons-is-layout-flex\">\n<div class=\"wp-block-button\"><a class=\"wp-block-button__link wp-element-button\">Audiovisual<\/a><\/div>\n<\/div>\n\n\n\n<p>2026, Spot Fontgas redes sociales, Principal, Optimoclick<\/p>\n\n\n\n<p>2025, Super Ceros, Largometraje, Mystic Man, Secundario, Juan Rueda<\/p>\n\n\n\n<p>2024, Relaci\u00f3n abierta, Cortometraje, Carlos, Protagonista, Leonardo Tabacu<\/p>\n\n\n\n<p>2024, El corredor, Cortometraje, Victor, Protagonista, Sa\u00fcl Savall<\/p>\n\n\n\n<p>2024, No me sent\u00eda amenzada, Cortometraje, David, Protagonisa, David Jimenez<\/p>\n\n\n\n<p>2024, No viniste a mi boda, Cortometraje, Albert, Protagonista, Jazmin Aliaga<\/p>\n\n\n\n<p>2024, \u00bfTe vas a casar?, Cortometraje, Ilias, Protagonista, Dani Arrom<\/p>\n\n\n\n<p>2024, \u00bfQu\u00e9 haces para divertirte?, Cortometraje, Willy, Protagonista, Luis Esp\u00edn<\/p>\n\n\n\n<div class=\"wp-block-buttons is-layout-flex wp-block-buttons-is-layout-flex\">\n<div class=\"wp-block-button\"><a class=\"wp-block-button__link wp-element-button\">Teatro<\/a><\/div>\n\n\n<\/div>\n\n\n\n<p>2026, Me pasa por bocatas, Texto, Microteatro, Javier, Protagonista, A\u00edda Moraga, C\u00eda Maripili, Sala Disbauxa<\/p>\n\n\n\n<p>2025, Como Lobos, Texto, Ayudante de Direcci\u00f3n, A\u00edda Moraga y Christian Cort\u00e9s, C\u00eda Cris\u00e1lida, Sala Disbauxa<\/p>\n\n\n\n<p>2024, Pr\u00f3xima Parada, Texto, Ismael, Protagonista, Hugo Guzm\u00e1n, Jove Companyia Plat\u00f3 de Cinema, CC La B\u00f2bila<\/p>\n\n\n\n<div class=\"wp-block-buttons is-layout-flex wp-block-buttons-is-layout-flex\">\n<div class=\"wp-block-button\"><a class=\"wp-block-button__link wp-element-button\">Formaci\u00f3n<\/a><\/div>\n<\/div>\n\n\n\n<p>2025 Cursos\/workshops con directores de casting como Cristian <strong>Valencia <\/strong>y Mireia <strong>Ju\u00e1rez<\/strong><\/p>\n\n\n\n<p>2021-2024 Estudios Superiores de Interpretaci\u00f3n, Plat\u00f3 de Cinema. Contenido: Interpretaci\u00f3n ante c\u00e1mara, M\u00e9todo Stanislavski, Shakespeare, Clown, Esgrima, Puesta en Escena, M\u00e1scara Neutra, Comedia del Arte, T\u00e9cnica vocal&#8230;<\/p>\n\n\n\n<p>2021 Curso de Contact con Danel Aser<\/p>\n\n\n\n<div class=\"wp-block-buttons is-content-justification-center is-layout-flex wp-container-core-buttons-is-layout-a89b3969 wp-block-buttons-is-layout-flex\">\n<div class=\"wp-block-button is-style-outline is-style-outline--1\"><a class=\"wp-block-button__link has-text-align-center wp-element-button\" href=\"https:\/\/david-morcillo.com\/wp-content\/uploads\/2025\/10\/CA-DAVID-MORCILLO.pdf\"><mark style=\"background-color:rgba(0, 0, 0, 0);color:#d3bf0d\" class=\"has-inline-color\">VER CURR\u00cdCULUM ART\u00cdSTICO<\/mark><\/a><\/div>\n<\/div>\n\n\n\n<div class=\"wp-block-buttons is-layout-flex wp-block-buttons-is-layout-flex\"><\/div>\n\n\n\n<div class=\"wp-block-buttons is-layout-flex wp-block-buttons-is-layout-flex\"><\/div>\n\n\n\n<p><\/p>\n","protected":false},"excerpt":{"rendered":"<p>2026, Spot Fontgas redes sociales, Principal, Optimoclick 2025, Super Ceros, Largometraje, Mystic Man, Secundario, Juan Rueda 2024, Relaci\u00f3n abierta, Cortometraje, Carlos, Protagonista, Leonardo Tabacu 2024, El corredor, Cortometraje, Victor, Protagonista, Sa\u00fcl Savall 2024, No me sent\u00eda amenzada, Cortometraje, David, Protagonisa, David Jimenez 2024, No viniste a mi boda, Cortometraje, Albert, Protagonista, Jazmin Aliaga 2024, \u00bfTe [&hellip;]<\/p>\n","protected":false},"author":1,"featured_media":0,"parent":0,"menu_order":0,"comment_status":"closed","ping_status":"closed","template":"","meta":{"footnotes":""},"class_list":["post-46","page","type-page","status-publish","hentry"],"yoast_head":"<!-- This site is optimized with the Yoast SEO plugin v27.5 - https:\/\/yoast.com\/product\/yoast-seo-wordpress\/ -->\n<title>EXPERIENCIA - DAVID MORCILLO<\/title>\n<meta name=\"robots\" content=\"index, follow, max-snippet:-1, max-image-preview:large, max-video-preview:-1\" \/>\n<link rel=\"canonical\" href=\"https:\/\/david-morcillo.com\/?page_id=46\" \/>\n<meta property=\"og:locale\" content=\"es_ES\" \/>\n<meta property=\"og:type\" content=\"article\" \/>\n<meta property=\"og:title\" content=\"EXPERIENCIA - DAVID MORCILLO\" \/>\n<meta property=\"og:description\" content=\"2026, Spot Fontgas redes sociales, Principal, Optimoclick 2025, Super Ceros, Largometraje, Mystic Man, Secundario, Juan Rueda 2024, Relaci\u00f3n abierta, Cortometraje, Carlos, Protagonista, Leonardo Tabacu 2024, El corredor, Cortometraje, Victor, Protagonista, Sa\u00fcl Savall 2024, No me sent\u00eda amenzada, Cortometraje, David, Protagonisa, David Jimenez 2024, No viniste a mi boda, Cortometraje, Albert, Protagonista, Jazmin Aliaga 2024, \u00bfTe [&hellip;]\" \/>\n<meta property=\"og:url\" content=\"https:\/\/david-morcillo.com\/?page_id=46\" \/>\n<meta property=\"og:site_name\" content=\"DAVID MORCILLO\" \/>\n<meta property=\"article:modified_time\" content=\"2026-04-06T17:49:35+00:00\" \/>\n<meta name=\"twitter:card\" content=\"summary_large_image\" \/>\n<meta name=\"twitter:label1\" content=\"Tiempo de lectura\" \/>\n\t<meta name=\"twitter:data1\" content=\"1 minuto\" \/>\n<script type=\"application\/ld+json\" class=\"yoast-schema-graph\">{\"@context\":\"https:\\\/\\\/schema.org\",\"@graph\":[{\"@type\":\"WebPage\",\"@id\":\"https:\\\/\\\/david-morcillo.com\\\/?page_id=46\",\"url\":\"https:\\\/\\\/david-morcillo.com\\\/?page_id=46\",\"name\":\"EXPERIENCIA - DAVID MORCILLO\",\"isPartOf\":{\"@id\":\"https:\\\/\\\/david-morcillo.com\\\/#website\"},\"datePublished\":\"2025-09-24T17:29:33+00:00\",\"dateModified\":\"2026-04-06T17:49:35+00:00\",\"breadcrumb\":{\"@id\":\"https:\\\/\\\/david-morcillo.com\\\/?page_id=46#breadcrumb\"},\"inLanguage\":\"es\",\"potentialAction\":[{\"@type\":\"ReadAction\",\"target\":[\"https:\\\/\\\/david-morcillo.com\\\/?page_id=46\"]}]},{\"@type\":\"BreadcrumbList\",\"@id\":\"https:\\\/\\\/david-morcillo.com\\\/?page_id=46#breadcrumb\",\"itemListElement\":[{\"@type\":\"ListItem\",\"position\":1,\"name\":\"Portada\",\"item\":\"https:\\\/\\\/david-morcillo.com\\\/\"},{\"@type\":\"ListItem\",\"position\":2,\"name\":\"EXPERIENCIA\"}]},{\"@type\":\"WebSite\",\"@id\":\"https:\\\/\\\/david-morcillo.com\\\/#website\",\"url\":\"https:\\\/\\\/david-morcillo.com\\\/\",\"name\":\"DAVID MORCILLO\",\"description\":\"\",\"potentialAction\":[{\"@type\":\"SearchAction\",\"target\":{\"@type\":\"EntryPoint\",\"urlTemplate\":\"https:\\\/\\\/david-morcillo.com\\\/?s={search_term_string}\"},\"query-input\":{\"@type\":\"PropertyValueSpecification\",\"valueRequired\":true,\"valueName\":\"search_term_string\"}}],\"inLanguage\":\"es\"}]}<\/script>\n<!-- \/ Yoast SEO plugin. -->","yoast_head_json":{"title":"EXPERIENCIA - DAVID MORCILLO","robots":{"index":"index","follow":"follow","max-snippet":"max-snippet:-1","max-image-preview":"max-image-preview:large","max-video-preview":"max-video-preview:-1"},"canonical":"https:\/\/david-morcillo.com\/?page_id=46","og_locale":"es_ES","og_type":"article","og_title":"EXPERIENCIA - DAVID MORCILLO","og_description":"2026, Spot Fontgas redes sociales, Principal, Optimoclick 2025, Super Ceros, Largometraje, Mystic Man, Secundario, Juan Rueda 2024, Relaci\u00f3n abierta, Cortometraje, Carlos, Protagonista, Leonardo Tabacu 2024, El corredor, Cortometraje, Victor, Protagonista, Sa\u00fcl Savall 2024, No me sent\u00eda amenzada, Cortometraje, David, Protagonisa, David Jimenez 2024, No viniste a mi boda, Cortometraje, Albert, Protagonista, Jazmin Aliaga 2024, \u00bfTe [&hellip;]","og_url":"https:\/\/david-morcillo.com\/?page_id=46","og_site_name":"DAVID MORCILLO","article_modified_time":"2026-04-06T17:49:35+00:00","twitter_card":"summary_large_image","twitter_misc":{"Tiempo de lectura":"1 minuto"},"schema":{"@context":"https:\/\/schema.org","@graph":[{"@type":"WebPage","@id":"https:\/\/david-morcillo.com\/?page_id=46","url":"https:\/\/david-morcillo.com\/?page_id=46","name":"EXPERIENCIA - DAVID MORCILLO","isPartOf":{"@id":"https:\/\/david-morcillo.com\/#website"},"datePublished":"2025-09-24T17:29:33+00:00","dateModified":"2026-04-06T17:49:35+00:00","breadcrumb":{"@id":"https:\/\/david-morcillo.com\/?page_id=46#breadcrumb"},"inLanguage":"es","potentialAction":[{"@type":"ReadAction","target":["https:\/\/david-morcillo.com\/?page_id=46"]}]},{"@type":"BreadcrumbList","@id":"https:\/\/david-morcillo.com\/?page_id=46#breadcrumb","itemListElement":[{"@type":"ListItem","position":1,"name":"Portada","item":"https:\/\/david-morcillo.com\/"},{"@type":"ListItem","position":2,"name":"EXPERIENCIA"}]},{"@type":"WebSite","@id":"https:\/\/david-morcillo.com\/#website","url":"https:\/\/david-morcillo.com\/","name":"DAVID MORCILLO","description":"","potentialAction":[{"@type":"SearchAction","target":{"@type":"EntryPoint","urlTemplate":"https:\/\/david-morcillo.com\/?s={search_term_string}"},"query-input":{"@type":"PropertyValueSpecification","valueRequired":true,"valueName":"search_term_string"}}],"inLanguage":"es"}]}},"_links":{"self":[{"href":"https:\/\/david-morcillo.com\/index.php?rest_route=\/wp\/v2\/pages\/46","targetHints":{"allow":["GET"]}}],"collection":[{"href":"https:\/\/david-morcillo.com\/index.php?rest_route=\/wp\/v2\/pages"}],"about":[{"href":"https:\/\/david-morcillo.com\/index.php?rest_route=\/wp\/v2\/types\/page"}],"author":[{"embeddable":true,"href":"https:\/\/david-morcillo.com\/index.php?rest_route=\/wp\/v2\/users\/1"}],"replies":[{"embeddable":true,"href":"https:\/\/david-morcillo.com\/index.php?rest_route=%2Fwp%2Fv2%2Fcomments&post=46"}],"version-history":[{"count":11,"href":"https:\/\/david-morcillo.com\/index.php?rest_route=\/wp\/v2\/pages\/46\/revisions"}],"predecessor-version":[{"id":247,"href":"https:\/\/david-morcillo.com\/index.php?rest_route=\/wp\/v2\/pages\/46\/revisions\/247"}],"wp:attachment":[{"href":"https:\/\/david-morcillo.com\/index.php?rest_route=%2Fwp%2Fv2%2Fmedia&parent=46"}],"curies":[{"name":"wp","href":"https:\/\/api.w.org\/{rel}","templated":true}]}}