{"id":84,"date":"2025-10-06T19:04:30","date_gmt":"2025-10-06T17:04:30","guid":{"rendered":"https:\/\/david-morcillo.com\/?page_id=84"},"modified":"2026-04-06T19:18:36","modified_gmt":"2026-04-06T17:18:36","slug":"quien-soy","status":"publish","type":"page","link":"https:\/\/david-morcillo.com\/?page_id=84","title":{"rendered":"\u00bfQUI\u00c9N SOY?"},"content":{"rendered":"\n<div class=\"wp-block-group alignfull is-style-section-1 has-global-padding is-layout-constrained wp-container-core-group-is-layout-cdf985e3 wp-block-group-is-layout-constrained is-style-section-1--1\" style=\"min-height:100vh;margin-top:0;margin-bottom:0;padding-top:var(--wp--preset--spacing--80);padding-right:var(--wp--preset--spacing--80);padding-bottom:var(--wp--preset--spacing--80);padding-left:var(--wp--preset--spacing--80)\">\n<div class=\"wp-block-columns alignwide are-vertically-aligned-center is-layout-flex wp-container-core-columns-is-layout-643ced6b wp-block-columns-is-layout-flex\">\n<div class=\"wp-block-column is-vertically-aligned-center is-layout-flow wp-block-column-is-layout-flow\">\n<figure class=\"wp-block-image aligncenter size-full is-resized has-custom-border\"><img loading=\"lazy\" decoding=\"async\" width=\"2560\" height=\"1707\" src=\"https:\/\/david-morcillo.com\/wp-content\/uploads\/2025\/10\/DSC2469-scaled.jpg\" alt=\"\" class=\"wp-image-89\" style=\"border-top-left-radius:150px;border-bottom-right-radius:150px;object-fit:cover;width:571px;height:auto\" srcset=\"https:\/\/david-morcillo.com\/wp-content\/uploads\/2025\/10\/DSC2469-scaled.jpg 2560w, https:\/\/david-morcillo.com\/wp-content\/uploads\/2025\/10\/DSC2469-300x200.jpg 300w, https:\/\/david-morcillo.com\/wp-content\/uploads\/2025\/10\/DSC2469-1024x683.jpg 1024w, https:\/\/david-morcillo.com\/wp-content\/uploads\/2025\/10\/DSC2469-768x512.jpg 768w, https:\/\/david-morcillo.com\/wp-content\/uploads\/2025\/10\/DSC2469-1536x1024.jpg 1536w, https:\/\/david-morcillo.com\/wp-content\/uploads\/2025\/10\/DSC2469-2048x1365.jpg 2048w\" sizes=\"auto, (max-width: 2560px) 100vw, 2560px\" \/><\/figure>\n<\/div>\n\n\n\n<div class=\"wp-block-column is-vertically-aligned-center is-layout-flow wp-block-column-is-layout-flow\">\n<div class=\"wp-block-group is-vertical is-content-justification-stretch is-layout-flex wp-container-core-group-is-layout-353c4f5a wp-block-group-is-layout-flex\">\n<p class=\"has-text-align-center\">Soy un joven apasionado de la historia que un d\u00eda despu\u00e9s de graduarse en la universidad pens\u00f3 que explicar historia era bonito pero darles vida y formar parte de ellas era m\u00e1s bello a\u00fan. Crec\u00ed en Terrassa y desde peque\u00f1o me apasion\u00f3 la interpretaci\u00f3n pero tard\u00e9 un tiempo en convencerme de que nac\u00ed para ello. Finalmente, pude formarme, abrirme y conocerme a m\u00ed mismo gracias a este precioso arte de la actuaci\u00f3n. Sinceramente, nunca hab\u00eda disfrutado tanto.<\/p>\n<\/div>\n<\/div>\n<\/div>\n<\/div>\n","protected":false},"excerpt":{"rendered":"<p>Soy un joven apasionado de la historia que un d\u00eda despu\u00e9s de graduarse en la universidad pens\u00f3 que explicar historia era bonito pero darles vida y formar parte de ellas era m\u00e1s bello a\u00fan. Crec\u00ed en Terrassa y desde peque\u00f1o me apasion\u00f3 la interpretaci\u00f3n pero tard\u00e9 un tiempo en convencerme de que nac\u00ed para ello. [&hellip;]<\/p>\n","protected":false},"author":1,"featured_media":0,"parent":0,"menu_order":0,"comment_status":"closed","ping_status":"closed","template":"","meta":{"footnotes":""},"class_list":["post-84","page","type-page","status-publish","hentry"],"yoast_head":"<!-- This site is optimized with the Yoast SEO plugin v27.5 - https:\/\/yoast.com\/product\/yoast-seo-wordpress\/ -->\n<title>\u00bfQUI\u00c9N SOY? - DAVID MORCILLO<\/title>\n<meta name=\"robots\" content=\"index, follow, max-snippet:-1, max-image-preview:large, max-video-preview:-1\" \/>\n<link rel=\"canonical\" href=\"https:\/\/david-morcillo.com\/?page_id=84\" \/>\n<meta property=\"og:locale\" content=\"es_ES\" \/>\n<meta property=\"og:type\" content=\"article\" \/>\n<meta property=\"og:title\" content=\"\u00bfQUI\u00c9N SOY? - DAVID MORCILLO\" \/>\n<meta property=\"og:description\" content=\"Soy un joven apasionado de la historia que un d\u00eda despu\u00e9s de graduarse en la universidad pens\u00f3 que explicar historia era bonito pero darles vida y formar parte de ellas era m\u00e1s bello a\u00fan. Crec\u00ed en Terrassa y desde peque\u00f1o me apasion\u00f3 la interpretaci\u00f3n pero tard\u00e9 un tiempo en convencerme de que nac\u00ed para ello. [&hellip;]\" \/>\n<meta property=\"og:url\" content=\"https:\/\/david-morcillo.com\/?page_id=84\" \/>\n<meta property=\"og:site_name\" content=\"DAVID MORCILLO\" \/>\n<meta property=\"article:modified_time\" content=\"2026-04-06T17:18:36+00:00\" \/>\n<meta property=\"og:image\" content=\"https:\/\/david-morcillo.com\/wp-content\/uploads\/2025\/10\/DSC2469-scaled.jpg\" \/>\n\t<meta property=\"og:image:width\" content=\"2560\" \/>\n\t<meta property=\"og:image:height\" content=\"1707\" \/>\n\t<meta property=\"og:image:type\" content=\"image\/jpeg\" \/>\n<meta name=\"twitter:card\" content=\"summary_large_image\" \/>\n<meta name=\"twitter:label1\" content=\"Tiempo de lectura\" \/>\n\t<meta name=\"twitter:data1\" content=\"1 minuto\" \/>\n<script type=\"application\/ld+json\" class=\"yoast-schema-graph\">{\"@context\":\"https:\\\/\\\/schema.org\",\"@graph\":[{\"@type\":\"WebPage\",\"@id\":\"https:\\\/\\\/david-morcillo.com\\\/?page_id=84\",\"url\":\"https:\\\/\\\/david-morcillo.com\\\/?page_id=84\",\"name\":\"\u00bfQUI\u00c9N SOY? - DAVID MORCILLO\",\"isPartOf\":{\"@id\":\"https:\\\/\\\/david-morcillo.com\\\/#website\"},\"primaryImageOfPage\":{\"@id\":\"https:\\\/\\\/david-morcillo.com\\\/?page_id=84#primaryimage\"},\"image\":{\"@id\":\"https:\\\/\\\/david-morcillo.com\\\/?page_id=84#primaryimage\"},\"thumbnailUrl\":\"https:\\\/\\\/david-morcillo.com\\\/wp-content\\\/uploads\\\/2025\\\/10\\\/DSC2469-scaled.jpg\",\"datePublished\":\"2025-10-06T17:04:30+00:00\",\"dateModified\":\"2026-04-06T17:18:36+00:00\",\"breadcrumb\":{\"@id\":\"https:\\\/\\\/david-morcillo.com\\\/?page_id=84#breadcrumb\"},\"inLanguage\":\"es\",\"potentialAction\":[{\"@type\":\"ReadAction\",\"target\":[\"https:\\\/\\\/david-morcillo.com\\\/?page_id=84\"]}]},{\"@type\":\"ImageObject\",\"inLanguage\":\"es\",\"@id\":\"https:\\\/\\\/david-morcillo.com\\\/?page_id=84#primaryimage\",\"url\":\"https:\\\/\\\/david-morcillo.com\\\/wp-content\\\/uploads\\\/2025\\\/10\\\/DSC2469-scaled.jpg\",\"contentUrl\":\"https:\\\/\\\/david-morcillo.com\\\/wp-content\\\/uploads\\\/2025\\\/10\\\/DSC2469-scaled.jpg\",\"width\":2560,\"height\":1707},{\"@type\":\"BreadcrumbList\",\"@id\":\"https:\\\/\\\/david-morcillo.com\\\/?page_id=84#breadcrumb\",\"itemListElement\":[{\"@type\":\"ListItem\",\"position\":1,\"name\":\"Portada\",\"item\":\"https:\\\/\\\/david-morcillo.com\\\/\"},{\"@type\":\"ListItem\",\"position\":2,\"name\":\"\u00bfQUI\u00c9N SOY?\"}]},{\"@type\":\"WebSite\",\"@id\":\"https:\\\/\\\/david-morcillo.com\\\/#website\",\"url\":\"https:\\\/\\\/david-morcillo.com\\\/\",\"name\":\"DAVID MORCILLO\",\"description\":\"\",\"potentialAction\":[{\"@type\":\"SearchAction\",\"target\":{\"@type\":\"EntryPoint\",\"urlTemplate\":\"https:\\\/\\\/david-morcillo.com\\\/?s={search_term_string}\"},\"query-input\":{\"@type\":\"PropertyValueSpecification\",\"valueRequired\":true,\"valueName\":\"search_term_string\"}}],\"inLanguage\":\"es\"}]}<\/script>\n<!-- \/ Yoast SEO plugin. -->","yoast_head_json":{"title":"\u00bfQUI\u00c9N SOY? - DAVID MORCILLO","robots":{"index":"index","follow":"follow","max-snippet":"max-snippet:-1","max-image-preview":"max-image-preview:large","max-video-preview":"max-video-preview:-1"},"canonical":"https:\/\/david-morcillo.com\/?page_id=84","og_locale":"es_ES","og_type":"article","og_title":"\u00bfQUI\u00c9N SOY? - DAVID MORCILLO","og_description":"Soy un joven apasionado de la historia que un d\u00eda despu\u00e9s de graduarse en la universidad pens\u00f3 que explicar historia era bonito pero darles vida y formar parte de ellas era m\u00e1s bello a\u00fan. Crec\u00ed en Terrassa y desde peque\u00f1o me apasion\u00f3 la interpretaci\u00f3n pero tard\u00e9 un tiempo en convencerme de que nac\u00ed para ello. [&hellip;]","og_url":"https:\/\/david-morcillo.com\/?page_id=84","og_site_name":"DAVID MORCILLO","article_modified_time":"2026-04-06T17:18:36+00:00","og_image":[{"width":2560,"height":1707,"url":"https:\/\/david-morcillo.com\/wp-content\/uploads\/2025\/10\/DSC2469-scaled.jpg","type":"image\/jpeg"}],"twitter_card":"summary_large_image","twitter_misc":{"Tiempo de lectura":"1 minuto"},"schema":{"@context":"https:\/\/schema.org","@graph":[{"@type":"WebPage","@id":"https:\/\/david-morcillo.com\/?page_id=84","url":"https:\/\/david-morcillo.com\/?page_id=84","name":"\u00bfQUI\u00c9N SOY? - DAVID MORCILLO","isPartOf":{"@id":"https:\/\/david-morcillo.com\/#website"},"primaryImageOfPage":{"@id":"https:\/\/david-morcillo.com\/?page_id=84#primaryimage"},"image":{"@id":"https:\/\/david-morcillo.com\/?page_id=84#primaryimage"},"thumbnailUrl":"https:\/\/david-morcillo.com\/wp-content\/uploads\/2025\/10\/DSC2469-scaled.jpg","datePublished":"2025-10-06T17:04:30+00:00","dateModified":"2026-04-06T17:18:36+00:00","breadcrumb":{"@id":"https:\/\/david-morcillo.com\/?page_id=84#breadcrumb"},"inLanguage":"es","potentialAction":[{"@type":"ReadAction","target":["https:\/\/david-morcillo.com\/?page_id=84"]}]},{"@type":"ImageObject","inLanguage":"es","@id":"https:\/\/david-morcillo.com\/?page_id=84#primaryimage","url":"https:\/\/david-morcillo.com\/wp-content\/uploads\/2025\/10\/DSC2469-scaled.jpg","contentUrl":"https:\/\/david-morcillo.com\/wp-content\/uploads\/2025\/10\/DSC2469-scaled.jpg","width":2560,"height":1707},{"@type":"BreadcrumbList","@id":"https:\/\/david-morcillo.com\/?page_id=84#breadcrumb","itemListElement":[{"@type":"ListItem","position":1,"name":"Portada","item":"https:\/\/david-morcillo.com\/"},{"@type":"ListItem","position":2,"name":"\u00bfQUI\u00c9N SOY?"}]},{"@type":"WebSite","@id":"https:\/\/david-morcillo.com\/#website","url":"https:\/\/david-morcillo.com\/","name":"DAVID MORCILLO","description":"","potentialAction":[{"@type":"SearchAction","target":{"@type":"EntryPoint","urlTemplate":"https:\/\/david-morcillo.com\/?s={search_term_string}"},"query-input":{"@type":"PropertyValueSpecification","valueRequired":true,"valueName":"search_term_string"}}],"inLanguage":"es"}]}},"_links":{"self":[{"href":"https:\/\/david-morcillo.com\/index.php?rest_route=\/wp\/v2\/pages\/84","targetHints":{"allow":["GET"]}}],"collection":[{"href":"https:\/\/david-morcillo.com\/index.php?rest_route=\/wp\/v2\/pages"}],"about":[{"href":"https:\/\/david-morcillo.com\/index.php?rest_route=\/wp\/v2\/types\/page"}],"author":[{"embeddable":true,"href":"https:\/\/david-morcillo.com\/index.php?rest_route=\/wp\/v2\/users\/1"}],"replies":[{"embeddable":true,"href":"https:\/\/david-morcillo.com\/index.php?rest_route=%2Fwp%2Fv2%2Fcomments&post=84"}],"version-history":[{"count":3,"href":"https:\/\/david-morcillo.com\/index.php?rest_route=\/wp\/v2\/pages\/84\/revisions"}],"predecessor-version":[{"id":243,"href":"https:\/\/david-morcillo.com\/index.php?rest_route=\/wp\/v2\/pages\/84\/revisions\/243"}],"wp:attachment":[{"href":"https:\/\/david-morcillo.com\/index.php?rest_route=%2Fwp%2Fv2%2Fmedia&parent=84"}],"curies":[{"name":"wp","href":"https:\/\/api.w.org\/{rel}","templated":true}]}}